{"id":201,"date":"2020-10-19T21:26:46","date_gmt":"2020-10-19T21:26:46","guid":{"rendered":"https:\/\/philipp.michaelstangl.de\/?page_id=201"},"modified":"2021-03-15T19:32:19","modified_gmt":"2021-03-15T19:32:19","slug":"aktuelles","status":"publish","type":"page","link":"https:\/\/praxis-biskup-meyer.de\/?page_id=201","title":{"rendered":"Aktuelles"},"content":{"rendered":"<ul class=\"wp-block-latest-posts__list has-author wp-block-latest-posts\"><li><a class=\"wp-block-latest-posts__post-title\" href=\"https:\/\/praxis-biskup-meyer.de\/?p=282\">Soziales und emotionales Kompetenztraining f\u00fcr Kinder<\/a><div class=\"wp-block-latest-posts__post-author\">von Dr. Karin Biskup-Meyer<\/div><div class=\"wp-block-latest-posts__post-full-content\"><p>\n\n<!-- wp:paragraph -->\n<p>In Kleinstgruppen (vier Kinder) starten wieder\u00a0w\u00f6chentliche Trainings in meiner privat\u00e4rztlichen kinderpsychiatrischen Praxis. Geplant sind 10 Trainingseinheiten f\u00fcr Kinder im Alter von 8-12 Jahren ab Oktober 2025.<\/p>\n<!-- \/wp:paragraph -->\n\n<!-- wp:paragraph -->\n<p>Das verhaltenstherapeutische Training ist zur F\u00f6rderung emotionaler und sozialer Kompetenzen insbesondere f\u00fcr Kinder mit \u00c4ngsten, Scheu, sozialer Unsicherheit oder sozialen Interaktionsproblemen in der Schule \/ Familie bei Konzentrations- und Aufmerksamkeitsproblemen \/ oppositionellem Verhalten konzipiert.<\/p>\n<!-- \/wp:paragraph -->\n\n<!-- wp:paragraph -->\n<p>Die Trainingseinheiten sind kindgerecht gestaltet und f\u00f6rdern mittels einer H\u00f6rspielgeschichte, Rollenspielen und Interaktions- und Arbeitsphasen die emotionale Selbst- und Fremdwahrnehmung des Kindes in der Gruppe. Es werden Strategien zur Emotionsregulation (z.B. Erstellung eines &#8218;Wutkontrollplans&#8216;, soziale Wahrnehmung und Handlungsalternativen u.a.) erarbeitet. Telefonische Anmeldung durch die Eltern und ein Anamnesegespr\u00e4ch sind vor Beginn erw\u00fcnscht.<\/p>\n<!-- \/wp:paragraph -->\n\n<!-- wp:paragraph -->\n<p><strong>Ab November 2025 findet w\u00f6chentlich ein 60-min\u00fctiges Training f\u00fcr Jugendliche mit Selbstwert-, Leistungs- und Beziehungsproblemen in Anlehnung an das SELBST-Therapieprogramm (von Professor Manfred D\u00f6pfner\/ Eva Dresbach) statt.<\/strong><\/p>\n<!-- \/wp:paragraph -->\n\n<!-- wp:separator {\"opacity\":\"css\"} -->\n<hr class=\"wp-block-separator has-css-opacity\" \/>\n<!-- \/wp:separator -->\n\n<p><\/div><\/li>\n<li><a class=\"wp-block-latest-posts__post-title\" href=\"https:\/\/praxis-biskup-meyer.de\/?p=165\">Untersuchungen und gutachtliche Stellungnahmen<\/a><div class=\"wp-block-latest-posts__post-author\">von Dr. Karin Biskup-Meyer<\/div><div class=\"wp-block-latest-posts__post-full-content\"><p><!-- wp:paragraph -->\n<p><strong>Alle kinderpsychiatrischen Untersuchungen, Beratungen, Schulatteste oder Gutachen zum Entwicklungsstand Ihres Kindes vor der Einschulung \/ vor einem Wechsel auf weiterf\u00fchrende Schulen werden zeitnah durchgef\u00fchrt.<\/strong><\/p>\n<!-- \/wp:paragraph -->\n\n<!-- wp:paragraph -->\n<p>Selbstverst\u00e4ndlich ber\u00fccksichtige ich alle gesetzlich vorgeschriebenen Hygiene- und Schutzma\u00dfnahmen, um Ihnen und Ihren Kindern den Besuch in meiner Praxis sicher und angenehm zu gestalten.<\/p>\n<!-- \/wp:paragraph -->\n\n<!-- wp:separator -->\n<hr class=\"wp-block-separator\" \/>\n<!-- \/wp:separator --><\/div><\/li>\n<\/ul>\n\n\n<div style=\"height:50px\" aria-hidden=\"true\" class=\"wp-block-spacer\"><\/div>\n\n\n\n<p><a href=\"https:\/\/praxis-biskup-meyer.de\/?page_id=20\" title=\"Kontaktaufnahme\">Zur Kontaktaufnahme<\/a><\/p>\n","protected":false},"excerpt":{"rendered":"<p>Zur Kontaktaufnahme<\/p>\n","protected":false},"author":4,"featured_media":0,"parent":0,"menu_order":0,"comment_status":"closed","ping_status":"closed","template":"","meta":{"_monsterinsights_skip_tracking":false,"_monsterinsights_sitenote_active":false,"_monsterinsights_sitenote_note":"","_monsterinsights_sitenote_category":0,"footnotes":""},"aioseo_notices":[],"_links":{"self":[{"href":"https:\/\/praxis-biskup-meyer.de\/index.php?rest_route=\/wp\/v2\/pages\/201"}],"collection":[{"href":"https:\/\/praxis-biskup-meyer.de\/index.php?rest_route=\/wp\/v2\/pages"}],"about":[{"href":"https:\/\/praxis-biskup-meyer.de\/index.php?rest_route=\/wp\/v2\/types\/page"}],"author":[{"embeddable":true,"href":"https:\/\/praxis-biskup-meyer.de\/index.php?rest_route=\/wp\/v2\/users\/4"}],"replies":[{"embeddable":true,"href":"https:\/\/praxis-biskup-meyer.de\/index.php?rest_route=%2Fwp%2Fv2%2Fcomments&post=201"}],"version-history":[{"count":7,"href":"https:\/\/praxis-biskup-meyer.de\/index.php?rest_route=\/wp\/v2\/pages\/201\/revisions"}],"predecessor-version":[{"id":414,"href":"https:\/\/praxis-biskup-meyer.de\/index.php?rest_route=\/wp\/v2\/pages\/201\/revisions\/414"}],"wp:attachment":[{"href":"https:\/\/praxis-biskup-meyer.de\/index.php?rest_route=%2Fwp%2Fv2%2Fmedia&parent=201"}],"curies":[{"name":"wp","href":"https:\/\/api.w.org\/{rel}","templated":true}]}}

<ul class="wp-block-latest-posts__list has-author wp-block-latest-posts"><li><a class="wp-block-latest-posts__post-title" href="https://praxis-biskup-meyer.de/?p=282">Soziales und emotionales Kompetenztraining für Kinder</a><div class="wp-block-latest-posts__post-author">von Dr. Karin Biskup-Meyer</div><div class="wp-block-latest-posts__post-full-content"><p>

<!-- wp:paragraph -->
<p>In Kleinstgruppen (vier Kinder) starten wieder wöchentliche Trainings in meiner privatärztlichen kinderpsychiatrischen Praxis. Geplant sind 10 Trainingseinheiten für Kinder im Alter von 8-12 Jahren ab Oktober 2025.</p>
<!-- /wp:paragraph -->

<!-- wp:paragraph -->
<p>Das verhaltenstherapeutische Training ist zur Förderung emotionaler und sozialer Kompetenzen insbesondere für Kinder mit Ängsten, Scheu, sozialer Unsicherheit oder sozialen Interaktionsproblemen in der Schule / Familie bei Konzentrations- und Aufmerksamkeitsproblemen / oppositionellem Verhalten konzipiert.</p>
<!-- /wp:paragraph -->

<!-- wp:paragraph -->
<p>Die Trainingseinheiten sind kindgerecht gestaltet und fördern mittels einer Hörspielgeschichte, Rollenspielen und Interaktions- und Arbeitsphasen die emotionale Selbst- und Fremdwahrnehmung des Kindes in der Gruppe. Es werden Strategien zur Emotionsregulation (z.B. Erstellung eines &#8218;Wutkontrollplans&#8216;, soziale Wahrnehmung und Handlungsalternativen u.a.) erarbeitet. Telefonische Anmeldung durch die Eltern und ein Anamnesegespräch sind vor Beginn erwünscht.</p>
<!-- /wp:paragraph -->

<!-- wp:paragraph -->
<p><strong>Ab November 2025 findet wöchentlich ein 60-minütiges Training für Jugendliche mit Selbstwert-, Leistungs- und Beziehungsproblemen in Anlehnung an das SELBST-Therapieprogramm (von Professor Manfred Döpfner/ Eva Dresbach) statt.</strong></p>
<!-- /wp:paragraph -->

<!-- wp:separator {"opacity":"css"} -->
<hr class="wp-block-separator has-css-opacity" />
<!-- /wp:separator -->

<p></div></li>
<li><a class="wp-block-latest-posts__post-title" href="https://praxis-biskup-meyer.de/?p=165">Untersuchungen und gutachtliche Stellungnahmen</a><div class="wp-block-latest-posts__post-author">von Dr. Karin Biskup-Meyer</div><div class="wp-block-latest-posts__post-full-content"><p><!-- wp:paragraph -->
<p><strong>Alle kinderpsychiatrischen Untersuchungen, Beratungen, Schulatteste oder Gutachen zum Entwicklungsstand Ihres Kindes vor der Einschulung / vor einem Wechsel auf weiterführende Schulen werden zeitnah durchgeführt.</strong></p>
<!-- /wp:paragraph -->

<!-- wp:paragraph -->
<p>Selbstverständlich berücksichtige ich alle gesetzlich vorgeschriebenen Hygiene- und Schutzmaßnahmen, um Ihnen und Ihren Kindern den Besuch in meiner Praxis sicher und angenehm zu gestalten.</p>
<!-- /wp:paragraph -->

<!-- wp:separator -->
<hr class="wp-block-separator" />
<!-- /wp:separator --></div></li>
</ul>


<div style="height:50px" aria-hidden="true" class="wp-block-spacer"></div>



<p><a href="https://praxis-biskup-meyer.de/?page_id=20" title="Kontaktaufnahme">Zur Kontaktaufnahme</a></p>
