{"id":155,"date":"2020-10-19T19:38:50","date_gmt":"2020-10-19T19:38:50","guid":{"rendered":"https:\/\/philipp.michaelstangl.de\/?page_id=155"},"modified":"2021-03-15T19:45:03","modified_gmt":"2021-03-15T19:45:03","slug":"praxisbilder","status":"publish","type":"page","link":"https:\/\/praxis-biskup-meyer.de\/?page_id=155","title":{"rendered":"Praxis"},"content":{"rendered":"\n<p>Hier finden Sie einige&nbsp;Bilder&nbsp;aus meiner&nbsp;Privatarztpraxis f\u00fcr Kinder und Jugendliche, damit Sie schon vor Ihrem ersten Besuch einen Blick in die R\u00e4umlichkeiten werfen k\u00f6nnen.<\/p>\n\n\n\n<p>Die Praxis befindet sich in Gr\u00fcnwald bei M\u00fcnchen. <br>Ludwig-Ganghofer-Str. 4 in 82031 Gr\u00fcnwald &#8211; <a href=\"https:\/\/maps.google.de\/maps?q=Ludwig-Ganghofer-Stra%C3%9Fe+4,+82031,+Gr%C3%BCnwald+(Privatarztpraxis+Dr.+med.+Karin+Biskup-Meyer)&amp;hl=de&amp;ie=UTF8&amp;ll=48.044478,11.528778&amp;spn=0.007137,0.016512&amp;sll=48.044308,11.528776&amp;sspn=0.007137,0.016512&amp;hnear=Ludwig-Ganghofer-Stra%C3%9Fe+4,+82031+Gr%C3%BCnwald&amp;t=m&amp;z=17&amp;iwloc=A&amp;layer=t\">Anfahrt via GoogleMaps<\/a><\/p>\n\n\n\n<figure class=\"wp-block-gallery columns-0 is-cropped wp-block-gallery-1 is-layout-flex wp-block-gallery-is-layout-flex\"><ul class=\"blocks-gallery-grid\"><li class=\"blocks-gallery-item\"><figure><a href=\"https:\/\/praxis-biskup-meyer.de\/?attachment_id=171\"><img loading=\"lazy\" decoding=\"async\" width=\"300\" height=\"194\" src=\"https:\/\/praxis-biskup-meyer.de\/wp-content\/uploads\/2020\/10\/Bildschirmfoto-2020-10-19-um-21.37.52-1-300x194.png\" alt=\"Praxis in Gr\u00fcnwald\" data-id=\"171\" data-full-url=\"https:\/\/praxis-biskup-meyer.de\/wp-content\/uploads\/2020\/10\/Bildschirmfoto-2020-10-19-um-21.37.52-1.png\" data-link=\"https:\/\/praxis-biskup-meyer.de\/?attachment_id=171\" class=\"wp-image-171\" srcset=\"https:\/\/praxis-biskup-meyer.de\/wp-content\/uploads\/2020\/10\/Bildschirmfoto-2020-10-19-um-21.37.52-1-300x194.png 300w, https:\/\/praxis-biskup-meyer.de\/wp-content\/uploads\/2020\/10\/Bildschirmfoto-2020-10-19-um-21.37.52-1-1024x663.png 1024w, https:\/\/praxis-biskup-meyer.de\/wp-content\/uploads\/2020\/10\/Bildschirmfoto-2020-10-19-um-21.37.52-1-768x497.png 768w, https:\/\/praxis-biskup-meyer.de\/wp-content\/uploads\/2020\/10\/Bildschirmfoto-2020-10-19-um-21.37.52-1-1536x995.png 1536w, https:\/\/praxis-biskup-meyer.de\/wp-content\/uploads\/2020\/10\/Bildschirmfoto-2020-10-19-um-21.37.52-1-417x270.png 417w, https:\/\/praxis-biskup-meyer.de\/wp-content\/uploads\/2020\/10\/Bildschirmfoto-2020-10-19-um-21.37.52-1.png 1646w\" sizes=\"(max-width: 300px) 100vw, 300px\" \/><\/a><figcaption class=\"blocks-gallery-item__caption\">Au\u00dfenansicht der Praxis<\/figcaption><\/figure><\/li><li class=\"blocks-gallery-item\"><figure><a href=\"https:\/\/praxis-biskup-meyer.de\/?attachment_id=225\"><img loading=\"lazy\" decoding=\"async\" width=\"300\" height=\"200\" src=\"https:\/\/praxis-biskup-meyer.de\/wp-content\/uploads\/2020\/10\/Bildschirmfoto-2020-10-19-um-21.36.32-300x200.png\" alt=\"\" data-id=\"225\" data-full-url=\"https:\/\/praxis-biskup-meyer.de\/wp-content\/uploads\/2020\/10\/Bildschirmfoto-2020-10-19-um-21.36.32.png\" data-link=\"https:\/\/praxis-biskup-meyer.de\/?attachment_id=225\" class=\"wp-image-225\" srcset=\"https:\/\/praxis-biskup-meyer.de\/wp-content\/uploads\/2020\/10\/Bildschirmfoto-2020-10-19-um-21.36.32-300x200.png 300w, https:\/\/praxis-biskup-meyer.de\/wp-content\/uploads\/2020\/10\/Bildschirmfoto-2020-10-19-um-21.36.32-1024x684.png 1024w, https:\/\/praxis-biskup-meyer.de\/wp-content\/uploads\/2020\/10\/Bildschirmfoto-2020-10-19-um-21.36.32-768x513.png 768w, https:\/\/praxis-biskup-meyer.de\/wp-content\/uploads\/2020\/10\/Bildschirmfoto-2020-10-19-um-21.36.32-1536x1026.png 1536w, https:\/\/praxis-biskup-meyer.de\/wp-content\/uploads\/2020\/10\/Bildschirmfoto-2020-10-19-um-21.36.32-404x270.png 404w, https:\/\/praxis-biskup-meyer.de\/wp-content\/uploads\/2020\/10\/Bildschirmfoto-2020-10-19-um-21.36.32.png 1646w\" sizes=\"(max-width: 300px) 100vw, 300px\" \/><\/a><figcaption class=\"blocks-gallery-item__caption\">Innenansicht der Praxis<\/figcaption><\/figure><\/li><li class=\"blocks-gallery-item\"><figure><a href=\"https:\/\/praxis-biskup-meyer.de\/?attachment_id=157\"><img loading=\"lazy\" decoding=\"async\" width=\"300\" height=\"194\" src=\"https:\/\/praxis-biskup-meyer.de\/wp-content\/uploads\/2020\/10\/Bildschirmfoto-2020-10-19-um-21.37.15-300x194.png\" alt=\"\" data-id=\"157\" data-full-url=\"https:\/\/praxis-biskup-meyer.de\/wp-content\/uploads\/2020\/10\/Bildschirmfoto-2020-10-19-um-21.37.15.png\" data-link=\"https:\/\/praxis-biskup-meyer.de\/?attachment_id=157\" class=\"wp-image-157\" srcset=\"https:\/\/praxis-biskup-meyer.de\/wp-content\/uploads\/2020\/10\/Bildschirmfoto-2020-10-19-um-21.37.15-300x194.png 300w, https:\/\/praxis-biskup-meyer.de\/wp-content\/uploads\/2020\/10\/Bildschirmfoto-2020-10-19-um-21.37.15.png 1646w\" sizes=\"(max-width: 300px) 100vw, 300px\" \/><\/a><figcaption class=\"blocks-gallery-item__caption\">Praxisraum<\/figcaption><\/figure><\/li><li class=\"blocks-gallery-item\"><figure><a href=\"https:\/\/praxis-biskup-meyer.de\/?attachment_id=161\"><img loading=\"lazy\" decoding=\"async\" width=\"300\" height=\"194\" src=\"https:\/\/praxis-biskup-meyer.de\/wp-content\/uploads\/2020\/10\/Bildschirmfoto-2020-10-19-um-21.36.55-300x194.png\" alt=\"Praxis - Behandlungsraum\" data-id=\"161\" data-full-url=\"https:\/\/praxis-biskup-meyer.de\/wp-content\/uploads\/2020\/10\/Bildschirmfoto-2020-10-19-um-21.36.55.png\" data-link=\"https:\/\/praxis-biskup-meyer.de\/?attachment_id=161\" class=\"wp-image-161\" srcset=\"https:\/\/praxis-biskup-meyer.de\/wp-content\/uploads\/2020\/10\/Bildschirmfoto-2020-10-19-um-21.36.55-300x194.png 300w, https:\/\/praxis-biskup-meyer.de\/wp-content\/uploads\/2020\/10\/Bildschirmfoto-2020-10-19-um-21.36.55-1024x663.png 1024w, https:\/\/praxis-biskup-meyer.de\/wp-content\/uploads\/2020\/10\/Bildschirmfoto-2020-10-19-um-21.36.55.png 1646w\" sizes=\"(max-width: 300px) 100vw, 300px\" \/><\/a><figcaption class=\"blocks-gallery-item__caption\">Praxisraum<\/figcaption><\/figure><\/li><\/ul><\/figure>\n\n\n\n<p>Wenn Sie mich vor Ihrem Besuch kontaktieren m\u00f6chten, k\u00f6nnen Sie mir <a href=\"https:\/\/praxis-biskup-meyer.de\/?page_id=20\">\u00fcber das Kontaktformular eine Nachricht hinterlassen<\/a>. Ich werde mich zeitnah bei Ihnen melden.<\/p>\n","protected":false},"excerpt":{"rendered":"<p>Hier finden Sie einige&nbsp;Bilder&nbsp;aus meiner&nbsp;Privatarztpraxis f\u00fcr Kinder und Jugendliche, damit Sie schon vor Ihrem ersten Besuch einen Blick in die R\u00e4umlichkeiten werfen k\u00f6nnen. Die Praxis befindet sich in Gr\u00fcnwald bei M\u00fcnchen. Ludwig-Ganghofer-Str. 4 in 82031 Gr\u00fcnwald &#8211; Anfahrt via GoogleMaps Wenn Sie mich vor Ihrem Besuch kontaktieren m\u00f6chten, k\u00f6nnen Sie mir \u00fcber das Kontaktformular&#8230;<\/p>\n<p class=\"read-more\"><a class=\"btn btn-default\" href=\"https:\/\/praxis-biskup-meyer.de\/?page_id=155\"> Read More<span class=\"screen-reader-text\">  Read More<\/span><\/a><\/p>\n","protected":false},"author":4,"featured_media":0,"parent":0,"menu_order":0,"comment_status":"closed","ping_status":"closed","template":"","meta":{"_monsterinsights_skip_tracking":false,"_monsterinsights_sitenote_active":false,"_monsterinsights_sitenote_note":"","_monsterinsights_sitenote_category":0,"footnotes":""},"aioseo_notices":[],"_links":{"self":[{"href":"https:\/\/praxis-biskup-meyer.de\/index.php?rest_route=\/wp\/v2\/pages\/155"}],"collection":[{"href":"https:\/\/praxis-biskup-meyer.de\/index.php?rest_route=\/wp\/v2\/pages"}],"about":[{"href":"https:\/\/praxis-biskup-meyer.de\/index.php?rest_route=\/wp\/v2\/types\/page"}],"author":[{"embeddable":true,"href":"https:\/\/praxis-biskup-meyer.de\/index.php?rest_route=\/wp\/v2\/users\/4"}],"replies":[{"embeddable":true,"href":"https:\/\/praxis-biskup-meyer.de\/index.php?rest_route=%2Fwp%2Fv2%2Fcomments&post=155"}],"version-history":[{"count":6,"href":"https:\/\/praxis-biskup-meyer.de\/index.php?rest_route=\/wp\/v2\/pages\/155\/revisions"}],"predecessor-version":[{"id":417,"href":"https:\/\/praxis-biskup-meyer.de\/index.php?rest_route=\/wp\/v2\/pages\/155\/revisions\/417"}],"wp:attachment":[{"href":"https:\/\/praxis-biskup-meyer.de\/index.php?rest_route=%2Fwp%2Fv2%2Fmedia&parent=155"}],"curies":[{"name":"wp","href":"https:\/\/api.w.org\/{rel}","templated":true}]}}